ase 11) in base 16?
-145e6c
-1334947 (base 10) to base 8
-5057243
Convert -2615145 (base 10) to base 3.
-11220212022020
Convert -15100201 (base 7) to base 5.
-331204234
What is 4245345 (base 7) in base 2?
1111101111001111101
-34875 (base 13) to base 15
-1d649
What is -5662362 (base 10) in base 15?
-76cb0c
What is 5ec9d6 (base 16) in base 9?
12617302
What is 12412031 (base 7) in base 13?
306c6b
What is -108142 (base 14) in base 7?
-4521512
What is -3130762 (base 9) in base 11?
-a43506
-3342638 (base 9) to base 14
-34bc17
What is -5403423 (base 7) in base 5?
-132003330
What is 44d33d (base 16) in base 14?
855ac5
11001121001 (base 3) to base 16
13816
What is -2323511 (base 7) in base 4?
-1013033123
Convert -29984a (base 12) to base 10.
-701050
What is 2043254 (base 6) in base 8?
301662
Convert -2bde37 (base 15) to base 9.
-3884717
Convert -30070477 (base 8) to base 12.
-21497bb
31a454 (base 11) to base 3
221222211220
Convert -111111011100101010010 (base 2) to base 5.
-1013012213
What is 390a (base 13) in base 6?
101334
Convert 842534 (base 13) to base 3.
12210222111122
What is 114270 (base 9) in base 11?
47721
Convert 2202202220200 (base 3) to base 2.
101100111010100101100
Convert -c616 (base 14) to base 16.
-854c
What is -10122211200022 (base 3) in base 9?
-3584608
Convert -30210003230 (base 4) to base 13.
-8b4090
What is -77d950 (base 14) in base 13?
-ac70b2
Convert -1229328 (base 10) to base 7.
-13310022
-101130221101 (base 4) to base 9
-8541034
Convert -121102100210 (base 3) to base 2.
-1001110111010001011
Convert 88370 (base 11) to base 10.
128216
1b034 (base 12) to base 11
27988
What is -15203616 (base 10) in base 5?
-12343003431
Convert -760123 (base 8) to base 16.
-3e053
What is 132424303 (base 5) in base 16?
a3b72
-26455 (base 9) to base 15
-5465
What is 22111120121 (base 4) in base 10?
2709017
543041 (base 8) to base 5
21304133
What is 298a3 (base 15) in base 5?
13233303
Convert 142235143 (base 6) to base 8.
13071747
-2310300302 (base 4) to base 13
-1cc010
Convert -139771 (base 11) to base 15.
-44853
What is -22244555 (base 7) in base 2?
-111010110100001011011
What is 7334285 (base 9) in base 5?
2000420242
-2184139 (base 11) to base 7
-44345550
Convert -8506c (base 15) to base 14.
-adad3
2173869 (base 10) to base 9
4072880
Convert -62bb2 (base 14) to base 9.
-402783
What is -212322202 (base 4) in base 9?
-262574
22012011 (base 3) to base 5
142341
111000101111110011 (base 2) to base 15
48d0a
Convert -1505300 (base 9) to base 2.
-11001010110001101110
Convert -4223958 (base 12) to base 6.
-1123410152
What is 25c53 (base 16) in base 6?
3152123
What is -167bd (base 16) in base 4?
-112132331
Convert 1122201410 (base 5) to base 6.
130220430
Convert -753a53 (base 11) to base 10.
-1205823
-106016166 (base 7) to base 6
-350442003
Convert 14224163 (base 7) to base 3.
2111202221012
Convert -13740113 (base 8) to base 14.
-5b665d
Convert 4aa52 (base 15) to base 10.
238577
What is -351f0 (base 16) in base 4?
-311013300
Convert 221320315 (base 6) to base 9.
7453642
2cb2c3 (base 16) to base 4
23023023003
402331253 (base 6) to base 13
1556040
Convert -37b702 (base 12) to base 6.
-31312402
200462246 (base 7) to base 5
10433041204
What is 2034101 (base 6) in base 5?
11114401
What is 11466842 (base 9) in base 14?
a59012
Convert a8b61 (base 14) to base 5.
101031403
121210022120 (base 3) to base 9
553276
12020020001 (base 3) to base 5
11243302
-87341 (base 9) to base 12
-295a7
Convert 770578 (base 9) to base 13.
131351
240642 (base 8) to base 11
56953
Convert -5421214 (base 7) to base 9.
-1216311
Convert -453516 (base 8) to base 5.
-14402142
What is -68615 (base 10) in base 9?
-114108
Convert -ae5d (base 16) to base 12.
-219b9
Convert -5055011 (base 6) to base 9.
-406337
Convert -1043525 (base 6) to base 12.
-265a5
Convert 18284343 (base 9) to base 14.
1319b05
What is -21232407 (base 8) in base 3?
-22112102121200
Convert -15502145 (base 6) to base 16.
-86e91
7150dc (base 15) to base 4
110202102210
Convert -10122011202222 (base 3) to base 7.
-22265603
What is 56361 (base 9) in base 5?
2144402
Convert 1100011101001000000 (base 2) to base 14.
a8a40
Convert 4d39ec (base 15) to base 12.
12a99b9
11011110000000110010 (base 2) to base 5
213044422
What is 135351112 (base 7) in base 5?
4233332002
Convert -10111011010110110 (base 2) to base 9.
-155524
Convert 50735 (base 9) to base 13.
12287
-6632887 (base 9) to base 4
-31212110020
What is 156008 (base 12) in base 8?
1304610
What is 100100100110011011110010 (base 2) in base 15?
c97caa
What is -28c259 (base 13) in base 9?
-1780712
What is -427901 (base 11) in base 10?
-683893
Convert -210001021010 (base 3) to base 7.
-3343524
What is a4fb40 (base 16) in base 14?
161645a
Convert 277193 (base 12) to base 5.
131431132
393b3b (base 12) to base 13
26ba99
What is 1c288 (base 15) in base 5?
10413303
18276687 (base 9) to base 10
9203461
Convert -38720 (base 14) to base 9.
-231110
What is -423441231 (base 5) in base 2?
-110110010110001010000
What is 301a662 (base 11) in base 12?
1958318
-3141b (base 12) to base 5
-4031120
What is 6b22f (base 16) in base 13?
124983
-100101011101010011110 (base 2) to base 10
-1227422
Convert 2072498 (base 10) to base 12.
83b442
-512601 (base 10) to base 7
-4233315
848a0b (base 12) to base 2
111111101111110101011
-5308269 (base 12) to base 9
-32464420
33131260 (base 8) to base 12
2476580
What is -12313321031 (base 4) in base 6?
-102341405
What is -15425531 (base 6) in base 10?
-548191
Convert -2010202012011 (base 3) to base 16.
-11580a
1314507 (base 8) to base 6
11510411
What is 263a31 (base 15) in base 9?
3406031
-335504041 (base 6) to base 2
-10111011101111000011001
Convert 11132312023 (base 4) to base 15.
1d5be7
1011000011011010001101 (base 2) to base 4
23003122031
-12515 (base 14) to base 15
-d488
-485955 (base 12) to base 5
-244434332
Convert -1321105 (base 9) to base 16.
-b065d
What is 11111001101111101101000 (base 2) in base 6?
451223144
-144dcb (base 15) to base 13
-2834b7
What is -203244030 (base 6) in base 8?
-15334462
What is -111054243 (base 6) in base 5?
-1003414101
2a5804 (base 11) to base 13
138951
Convert -2160315 (base 12) to base 11.
-3644657
What is 6930a (base 13) in base 4?
232302220
-124006 (base 10) to base 8
-362146
2617825 (base 11) to base 14
860685
11220411 (base 6) to base 5
42014022
-1b64c01 (base 13) to base 8
-42540137
What is -2031b (base 15) in base 9?
-164758
2e4c1 (base 15) to base 5
14241311
11000011011010011 (base 2) to base 7
564460
-140505533 (base 7) to base 5
-4320114432
Convert 667751 (base 8) to base 9.
372885
Convert 1111100101001101 (base 2) to base 11.
43a4a
113231211 (base 4) to base 5
11102000
What is 10013320 (base 5) in base 12?
39a0a
What is -11212000101 (base 3) in base 16?
-17515
Convert -15a78 (base 13) to base 15.
-c3aa
What is -10510403 (base 6) in base 11?
-1a9685
-41722 (base 8) to base 12
-a06a
-133504 (base 10) to base 9
-223117
-5560245 (base 8) to base 2
-101101110000010100101
What is -13220202 (base 4) in base 9?
-46800
-21312203111 (base 4) to base 15
-3603cb
Convert -1400300 (base 6) to base 3.
-10221211000
Convert 5551520 (base 8) to base 11.
931979
Convert 20001201012 (base 3) to base 10.
119345
Convert 167a06 (base 14) to base 8.
3005766
-101241115 (base 7) to base 14
-b0390c
-a9a165 (base 12) to base 9
-5053305
Convert 429719 (base 11) to base 6.
22413244
Convert -64055 (base 12) to base 8.
-400501
2851732 (base 10) to base 8
12701624
Convert -1000111011111000000110 (base 2) to base 13.
-640251
Convert 75264 (base 10) to base 11.
51602
What is -8738c (base 14) in base 5?
-40432443
What is 1453454 (base 7) in base 13?
6c260
What is 1555232 (base 7) in base 11?
137a22
What is -2743846 (base 11) in base 3?
-22220111220100
Convert 756221 (base 10) to base 8.
2704775
-220110010102101 (base 3) to base 7
-215304160
Convert 402346 (base 10) to base 12.
174a0a
What is 17b7a87 (base 12) in base 15?
6826cd
What is -100011011001111101 (base 2) in base 7?
-1142542
-3103330031 (base 4) to base 10
-868109
102021221122 (base 3) to base 13
7a258
What is 2045461 (base 7) in base 15?
4d221
What is -1252434 (base 6) in base 12?
-3411a
21645 (base 15) to base 5
11343130
What is -27a382 (base 11) in base 2?
-1101011000001010000
What is -10001101100